{"id":21844,"date":"2019-07-21T19:41:13","date_gmt":"2019-07-21T19:41:13","guid":{"rendered":"http:\/\/ehrenfeld.fabian-wilczek.de\/?page_id=21844"},"modified":"2019-10-24T08:22:57","modified_gmt":"2019-10-24T08:22:57","slug":"ueber","status":"publish","type":"page","link":"http:\/\/ehrenfeld.fabian-wilczek.de\/?page_id=21844","title":{"rendered":"Idee und Kontext"},"content":{"rendered":"<p>[vc_row row_type=&#8220;row&#8220; use_row_as_full_screen_section=&#8220;no&#8220; type=&#8220;full_width&#8220; text_align=&#8220;left&#8220; background_animation=&#8220;none&#8220; css_animation=&#8220;&#8220;][vc_column][vc_column_text]<\/p>\n<h1>Idee und Kontext<\/h1>\n<p>[\/vc_column_text][\/vc_column][\/vc_row][vc_row row_type=&#8220;row&#8220; use_row_as_full_screen_section=&#8220;no&#8220; type=&#8220;full_width&#8220; text_align=&#8220;left&#8220; background_animation=&#8220;none&#8220; css_animation=&#8220;&#8220;][vc_column][vc_gallery type=&#8220;flexslider_slide&#8220; interval=&#8220;3&#8243; images=&#8220;21931,21915&#8243; img_size=&#8220;large&#8220; onclick=&#8220;&#8220;][\/vc_column][\/vc_row][vc_row row_type=&#8220;row&#8220; use_row_as_full_screen_section=&#8220;no&#8220; type=&#8220;full_width&#8220; text_align=&#8220;left&#8220; background_animation=&#8220;none&#8220; css_animation=&#8220;&#8220;][vc_column css_animation=&#8220;top-to-bottom&#8220; width=&#8220;1\/2&#8243;][vc_column_text css=&#8220;.vc_custom_1563795202959{padding-bottom: 20px !important;}&#8220;]<\/p>\n<p class=\"p1\"><span class=\"s1\">Wie kann visuelle und historische Recherche genutzt werden, um von einem komplexen Gebilde wie einem Stadtteil zu einer abstrakten Schriftgestaltung zu kommen? Diese Suche wird anhand des Beispiels des Stadtteils K\u00f6ln-Ehrenfeld vollzogen: dazu entstand eine Schriftsippe mit sieben Schnitten. Gestaltete Schrift ist ein Tr\u00e4germedium und versinnlicht als Kulturtechnik das Denken. Sie enth\u00e4lt ein System visuell gestalteter Zeichen, die wiederum individuell benutzt werden m\u00fcssen, um zu ihrer Wirkung zu gelangen. Dabei wird von der Auffassung ausgegangen, dass Schrift nicht nur reiner, neutraler Tr\u00e4ger von Information ist, sondern immer durch die zwangsl\u00e4ufige konkrete Ausformung durch einen Schriftschaffenden auch auf den Inhalt wirkt. <\/span><\/p>\n<p>[\/vc_column_text][\/vc_column][vc_column css_animation=&#8220;top-to-bottom&#8220; width=&#8220;1\/2&#8243;][vc_column_text css=&#8220;.vc_custom_1563795213607{padding-bottom: 20px !important;}&#8220;]<\/p>\n<p class=\"p1\"><span class=\"s1\">Die Schriften, welche in dieser Arbeit entstanden sind, spiegeln in ihrer Konzeption Aspekte einer nachhaltigen Stadtgesellschaft wieder. Die Diversit\u00e4t und die st\u00e4ndige Begegnung mit dem Fremden, wie sie St\u00e4dten eigen ist und sich exemplarisch in Ehrenfeld finden l\u00e4sst, wird in den Schriften aufgegriffen und durch die diverse Ausgestaltung einer Schriftsippe umgesetzt. Der Umgang mit Diversit\u00e4t ist eine zentrale gesellschaftliche Herausforderung. In diesem Sinne tr\u00e4gt die Schrift dazu bei, diese Diversit\u00e4t sichtbar zu machen. Die einzelnen Schnitte sind verwandt in ihren Grundz\u00fcgen, ihre Details jedoch betonen die jeweilige Individualit\u00e4t. Sie kooperieren und korrespondieren miteinander. Der mehrdimensionale Aufbau der Schriftsippe spiegelt das multidimensionale Bild eines urbanen Stadtteils wieder.<\/span><\/p>\n<p>[\/vc_column_text][\/vc_column][\/vc_row][vc_row row_type=&#8220;row&#8220; use_row_as_full_screen_section=&#8220;no&#8220; type=&#8220;full_width&#8220; text_align=&#8220;left&#8220; background_animation=&#8220;none&#8220; css_animation=&#8220;&#8220;][vc_column][vc_gallery type=&#8220;flexslider_slide&#8220; interval=&#8220;3&#8243; images=&#8220;21867,21916&#8243; img_size=&#8220;large&#8220; onclick=&#8220;&#8220;][vc_single_image image=&#8220;21931&#8243; qode_css_animation=&#8220;&#8220;][\/vc_column][\/vc_row][vc_row row_type=&#8220;row&#8220; use_row_as_full_screen_section=&#8220;no&#8220; type=&#8220;full_width&#8220; text_align=&#8220;left&#8220; background_animation=&#8220;none&#8220; css_animation=&#8220;&#8220;][vc_column css_animation=&#8220;top-to-bottom&#8220; width=&#8220;1\/2&#8243;][vc_column_text]<\/p>\n<p class=\"p1\"><span class=\"s1\">Die exemplarische Eigenschaft Ehrenfelds, von der das Stadtbild bis heute bestimmt wird, ist die der Funktion Ehrenfelds als Industriestandort im 19. Jahrhundert. In Anlehnung daran bildet die Basis der gestalteten Schriftsippe die Egyptienne, welche erstmals im 19. Jahrhundert aufkam und eng mit dem europ\u00e4ischen Industrialisierungsprozess verkn\u00fcpft ist. Bezeichnend daf\u00fcr sind ein statisches Formprinzip sowie geschlossene Formen in den runden Buchstaben. Die Formen folgen einer nicht geschriebenen, rationalen, aber nicht geometrischen Logik. Die Breitenverh\u00e4ltnisse der einzelnen Buchstaben zueinander sind angeglichen, wie es charakteristisch f\u00fcr klassizistische Antiquas ist. <\/span><span class=\"s1\">Der Gesamteindruck der Sippe bezieht sich auf Schrift und Schriftbenutzung im \u00f6ffentlichen Raum. Die Schriftschnitte sind als Display-Schriften gedacht und grenzen sich deshalb, wo angebracht, von klassischen Leseschriften ab. Buch- und Textformen von einzelnen Buchstaben werden vermieden zugunsten von Plakat-, Titel-, Akzidenz- oder handgeschrieben Formen, wie sie eher im \u00f6ffentlichen Raum zu finden sind. In Plakatschriften sind auch ungew\u00f6hnlichere Details m\u00f6glich, die in Textschriften zugunsten eines ungest\u00f6rten Leseflusses vermieden werden.<\/span><\/p>\n<p>[\/vc_column_text][\/vc_column][vc_column css_animation=&#8220;top-to-bottom&#8220; width=&#8220;1\/2&#8243;][vc_column_text css=&#8220;.vc_custom_1563794140305{padding-bottom: 40px !important;}&#8220;]<\/p>\n<p class=\"p1\"><span class=\"s1\">Die einzelnen Schriftstile der Sippe weisen eine Verwandtschaft untereinander durch \u00e4hnliche Proportionen und \u00fcbereinstimmende vertikale Metriken sowie \u00e4hnliche Skelette und\/oder Schwarz-Wei\u00df-Verteilungen in der Fl\u00e4che auf. In den Details verlieren sich die gemeinsamen Charaktereigenschaften zugunsten eigenst\u00e4ndiger Formen. Wo sich die M\u00f6glichkeit bietet, variieren Feinheiten wie Serifenplatzierungen oder Strichanf\u00e4nge- und Endungen. Dadurch entsteht eine Verwandtschaft im Gesamteindruck und Schriftbild, w\u00e4hrend sich bei n\u00e4herer Betrachtung eine hohe Diversit\u00e4t auftut. Dies korrespondiert mit der Diversit\u00e4t, die charakteristisch f\u00fcr Ehrenfeld ist. <\/span><span class=\"s1\">Das Schriftsystem ist auf Erweiterbarkeit angelegt. Die bisherigen fetten Display-Schnitte sind Endpunkte verschiedenster Achsen, wie Gewicht oder Optischer Gr\u00f6\u00dfe. Optische Gr\u00f6\u00dfen sind Schriftgrade die auf bestimmte Satzgr\u00f6\u00dfen abgestimmt sind. Oft sind Schriften f\u00fcr kleinere Grade robuster, weiter und einfacher konstruiert, wogegen Schriften f\u00fcr gr\u00f6\u00dfere Grade zum Beispiel feinere Haarlinien und mehr Details aufweisen. Auch haben Schriften, die f\u00fcr kleinere Grade konzipiert wurden, oftmals Anpassungen wie Inktraps (Tintenfalle), die das Zulaufen mit Tinte verhindern. Es ist also m\u00f6glich, die bisherigen Schnitte zu einzelnen gr\u00f6\u00dferen Unterfamilien auszubauen. Jeder einzelne bisherige Schnitt bietet die M\u00f6glichkeit, auf einer Gewichtsachse zu expandieren.<\/span><\/p>\n<p>[\/vc_column_text][\/vc_column][\/vc_row]<\/p>\n","protected":false},"excerpt":{"rendered":"<p>[vc_row row_type=&#8220;row&#8220; use_row_as_full_screen_section=&#8220;no&#8220; type=&#8220;full_width&#8220; text_align=&#8220;left&#8220; background_animation=&#8220;none&#8220; css_animation=&#8220;&#8220;][vc_column][vc_column_text] Idee und Kontext [\/vc_column_text][\/vc_column][\/vc_row][vc_row row_type=&#8220;row&#8220; use_row_as_full_screen_section=&#8220;no&#8220; type=&#8220;full_width&#8220; text_align=&#8220;left&#8220; background_animation=&#8220;none&#8220; css_animation=&#8220;&#8220;][vc_column][vc_gallery type=&#8220;flexslider_slide&#8220; interval=&#8220;3&#8243; images=&#8220;21931,21915&#8243; img_size=&#8220;large&#8220; onclick=&#8220;&#8220;][\/vc_column][\/vc_row][vc_row row_type=&#8220;row&#8220; use_row_as_full_screen_section=&#8220;no&#8220; type=&#8220;full_width&#8220; text_align=&#8220;left&#8220; background_animation=&#8220;none&#8220; css_animation=&#8220;&#8220;][vc_column css_animation=&#8220;top-to-bottom&#8220; width=&#8220;1\/2&#8243;][vc_column_text css=&#8220;.vc_custom_1563795202959{padding-bottom: 20px !important;}&#8220;] Wie kann visuelle und historische Recherche genutzt werden, um von einem komplexen&#8230;<\/p>\n","protected":false},"author":1,"featured_media":0,"parent":0,"menu_order":0,"comment_status":"closed","ping_status":"closed","template":"","meta":{"inline_featured_image":false},"_links":{"self":[{"href":"http:\/\/ehrenfeld.fabian-wilczek.de\/index.php?rest_route=\/wp\/v2\/pages\/21844"}],"collection":[{"href":"http:\/\/ehrenfeld.fabian-wilczek.de\/index.php?rest_route=\/wp\/v2\/pages"}],"about":[{"href":"http:\/\/ehrenfeld.fabian-wilczek.de\/index.php?rest_route=\/wp\/v2\/types\/page"}],"author":[{"embeddable":true,"href":"http:\/\/ehrenfeld.fabian-wilczek.de\/index.php?rest_route=\/wp\/v2\/users\/1"}],"replies":[{"embeddable":true,"href":"http:\/\/ehrenfeld.fabian-wilczek.de\/index.php?rest_route=%2Fwp%2Fv2%2Fcomments&post=21844"}],"version-history":[{"count":0,"href":"http:\/\/ehrenfeld.fabian-wilczek.de\/index.php?rest_route=\/wp\/v2\/pages\/21844\/revisions"}],"wp:attachment":[{"href":"http:\/\/ehrenfeld.fabian-wilczek.de\/index.php?rest_route=%2Fwp%2Fv2%2Fmedia&parent=21844"}],"curies":[{"name":"wp","href":"https:\/\/api.w.org\/{rel}","templated":true}]}}